{"id":662,"date":"2025-02-14T13:04:34","date_gmt":"2025-02-14T12:04:34","guid":{"rendered":"https:\/\/fondschristianboltanski.com\/new_website\/?post_type=oeuvres&#038;p=662"},"modified":"2025-02-27T14:33:03","modified_gmt":"2025-02-27T13:33:03","slug":"demain-le-ciel-sera-rouge","status":"publish","type":"oeuvres","link":"https:\/\/fondschristianboltanski.com\/en\/oeuvres\/demain-le-ciel-sera-rouge\/","title":{"rendered":"Demain le ciel sera rouge"},"content":{"rendered":"","protected":false},"featured_media":406,"template":"","class_list":["post-662","oeuvres","type-oeuvres","status-publish","has-post-thumbnail","hentry"],"acf":[],"yoast_head":"<!-- This site is optimized with the Yoast SEO plugin v27.5 - https:\/\/yoast.com\/product\/yoast-seo-wordpress\/ -->\n<title>Demain le ciel sera rouge - Fonds de dotation Christian Boltanski<\/title>\n<meta name=\"robots\" content=\"index, follow, max-snippet:-1, max-image-preview:large, max-video-preview:-1\" \/>\n<link rel=\"canonical\" href=\"https:\/\/fondschristianboltanski.com\/en\/oeuvres\/demain-le-ciel-sera-rouge\/\" \/>\n<meta property=\"og:locale\" content=\"en_US\" \/>\n<meta property=\"og:type\" content=\"article\" \/>\n<meta property=\"og:title\" content=\"Demain le ciel sera rouge - Fonds de dotation Christian Boltanski\" \/>\n<meta property=\"og:url\" content=\"https:\/\/fondschristianboltanski.com\/en\/oeuvres\/demain-le-ciel-sera-rouge\/\" \/>\n<meta property=\"og:site_name\" content=\"Fonds de dotation Christian Boltanski\" \/>\n<meta property=\"article:modified_time\" content=\"2025-02-27T13:33:03+00:00\" \/>\n<meta property=\"og:image\" content=\"https:\/\/fondschristianboltanski.com\/new_website\/wp-content\/uploads\/2025\/01\/2011-demain-le-ciel-sera-rouge-nuitblanche-photocreditpaulallain-22-1500x1004.jpg\" \/>\n\t<meta property=\"og:image:width\" content=\"1500\" \/>\n\t<meta property=\"og:image:height\" content=\"1004\" \/>\n\t<meta property=\"og:image:type\" content=\"image\/jpeg\" \/>\n<meta name=\"twitter:card\" content=\"summary_large_image\" \/>\n<meta name=\"twitter:label1\" content=\"Est. reading time\" \/>\n\t<meta name=\"twitter:data1\" content=\"1 minute\" \/>\n<script type=\"application\/ld+json\" class=\"yoast-schema-graph\">{\"@context\":\"https:\\\/\\\/schema.org\",\"@graph\":[{\"@type\":\"WebPage\",\"@id\":\"https:\\\/\\\/fondschristianboltanski.com\\\/en\\\/oeuvres\\\/demain-le-ciel-sera-rouge\\\/\",\"url\":\"https:\\\/\\\/fondschristianboltanski.com\\\/en\\\/oeuvres\\\/demain-le-ciel-sera-rouge\\\/\",\"name\":\"Demain le ciel sera rouge - Fonds de dotation Christian Boltanski\",\"isPartOf\":{\"@id\":\"https:\\\/\\\/fondschristianboltanski.com\\\/en\\\/#website\"},\"primaryImageOfPage\":{\"@id\":\"https:\\\/\\\/fondschristianboltanski.com\\\/en\\\/oeuvres\\\/demain-le-ciel-sera-rouge\\\/#primaryimage\"},\"image\":{\"@id\":\"https:\\\/\\\/fondschristianboltanski.com\\\/oeuvres\\\/demain-le-ciel-sera-rouge\\\/#primaryimage\"},\"thumbnailUrl\":\"https:\\\/\\\/fondschristianboltanski.com\\\/new_website\\\/wp-content\\\/uploads\\\/2025\\\/01\\\/2011-demain-le-ciel-sera-rouge-nuitblanche-photocreditpaulallain-22.jpg\",\"datePublished\":\"2025-02-14T12:04:34+00:00\",\"dateModified\":\"2025-02-27T13:33:03+00:00\",\"breadcrumb\":{\"@id\":\"https:\\\/\\\/fondschristianboltanski.com\\\/en\\\/oeuvres\\\/demain-le-ciel-sera-rouge\\\/#breadcrumb\"},\"inLanguage\":\"en-US\",\"potentialAction\":[{\"@type\":\"ReadAction\",\"target\":[[\"https:\\\/\\\/fondschristianboltanski.com\\\/en\\\/oeuvres\\\/demain-le-ciel-sera-rouge\\\/\"]]}]},{\"@type\":\"ImageObject\",\"inLanguage\":\"en-US\",\"@id\":\"https:\\\/\\\/fondschristianboltanski.com\\\/en\\\/oeuvres\\\/demain-le-ciel-sera-rouge\\\/#primaryimage\",\"url\":\"https:\\\/\\\/fondschristianboltanski.com\\\/new_website\\\/wp-content\\\/uploads\\\/2025\\\/01\\\/2011-demain-le-ciel-sera-rouge-nuitblanche-photocreditpaulallain-22.jpg\",\"contentUrl\":\"https:\\\/\\\/fondschristianboltanski.com\\\/new_website\\\/wp-content\\\/uploads\\\/2025\\\/01\\\/2011-demain-le-ciel-sera-rouge-nuitblanche-photocreditpaulallain-22.jpg\",\"width\":2500,\"height\":1673,\"caption\":\"Nuit blanche 08\"},{\"@type\":\"BreadcrumbList\",\"@id\":\"https:\\\/\\\/fondschristianboltanski.com\\\/en\\\/oeuvres\\\/demain-le-ciel-sera-rouge\\\/#breadcrumb\",\"itemListElement\":[{\"@type\":\"ListItem\",\"position\":1,\"name\":\"Accueil\",\"item\":\"https:\\\/\\\/fondschristianboltanski.com\\\/en\\\/\"},{\"@type\":\"ListItem\",\"position\":2,\"name\":\"Demain le ciel sera rouge\"}]},{\"@type\":\"WebSite\",\"@id\":\"https:\\\/\\\/fondschristianboltanski.com\\\/en\\\/#website\",\"url\":\"https:\\\/\\\/fondschristianboltanski.com\\\/en\\\/\",\"name\":\"Fonds de dotation Christian Boltanski\",\"description\":\"[:fr]Le Fonds de Dotation Christian Boltanski, cr\u00e9\u00e9 en 2023 par Annette Messager, a pour objet d\u2019assurer la conservation, la diffusion, et la promotion de l\u2019\u0153uvre de Christian Boltanski. Le Fonds a pour int\u00e9r\u00eat g\u00e9n\u00e9ral un objet culturel, de conservation et de sauvegarde de l&#039;\u0153uvre de l&#039;artiste aupr\u00e8s du public.[:en]Le Fonds de dotation Christian Boltanski (The Christian Boltanski Endowment Fund), created in September 2023, aims to ensure the conservation, diffusion and promotion of the artist\u2019s work among the public and professionals.[:]\",\"potentialAction\":[{\"@type\":\"SearchAction\",\"target\":{\"@type\":\"EntryPoint\",\"urlTemplate\":\"https:\\\/\\\/fondschristianboltanski.com\\\/en\\\/?s={search_term_string}\"},\"query-input\":{\"@type\":\"PropertyValueSpecification\",\"valueRequired\":true,\"valueName\":\"search_term_string\"}}],\"inLanguage\":\"en-US\"}]}<\/script>\n<!-- \/ Yoast SEO plugin. -->","yoast_head_json":{"title":"Demain le ciel sera rouge - Fonds de dotation Christian Boltanski","robots":{"index":"index","follow":"follow","max-snippet":"max-snippet:-1","max-image-preview":"max-image-preview:large","max-video-preview":"max-video-preview:-1"},"canonical":"https:\/\/fondschristianboltanski.com\/en\/oeuvres\/demain-le-ciel-sera-rouge\/","og_locale":"en_US","og_type":"article","og_title":"Demain le ciel sera rouge - Fonds de dotation Christian Boltanski","og_url":"https:\/\/fondschristianboltanski.com\/en\/oeuvres\/demain-le-ciel-sera-rouge\/","og_site_name":"Fonds de dotation Christian Boltanski","article_modified_time":"2025-02-27T13:33:03+00:00","og_image":[{"width":1500,"height":1004,"url":"https:\/\/fondschristianboltanski.com\/new_website\/wp-content\/uploads\/2025\/01\/2011-demain-le-ciel-sera-rouge-nuitblanche-photocreditpaulallain-22-1500x1004.jpg","type":"image\/jpeg"}],"twitter_card":"summary_large_image","twitter_misc":{"Est. reading time":"1 minute"},"schema":{"@context":"https:\/\/schema.org","@graph":[{"@type":"WebPage","@id":"https:\/\/fondschristianboltanski.com\/en\/oeuvres\/demain-le-ciel-sera-rouge\/","url":"https:\/\/fondschristianboltanski.com\/en\/oeuvres\/demain-le-ciel-sera-rouge\/","name":"Demain le ciel sera rouge - Fonds de dotation Christian Boltanski","isPartOf":{"@id":"https:\/\/fondschristianboltanski.com\/en\/#website"},"primaryImageOfPage":{"@id":"https:\/\/fondschristianboltanski.com\/en\/oeuvres\/demain-le-ciel-sera-rouge\/#primaryimage"},"image":{"@id":"https:\/\/fondschristianboltanski.com\/oeuvres\/demain-le-ciel-sera-rouge\/#primaryimage"},"thumbnailUrl":"https:\/\/fondschristianboltanski.com\/new_website\/wp-content\/uploads\/2025\/01\/2011-demain-le-ciel-sera-rouge-nuitblanche-photocreditpaulallain-22.jpg","datePublished":"2025-02-14T12:04:34+00:00","dateModified":"2025-02-27T13:33:03+00:00","breadcrumb":{"@id":"https:\/\/fondschristianboltanski.com\/en\/oeuvres\/demain-le-ciel-sera-rouge\/#breadcrumb"},"inLanguage":"en-US","potentialAction":[{"@type":"ReadAction","target":[["https:\/\/fondschristianboltanski.com\/en\/oeuvres\/demain-le-ciel-sera-rouge\/"]]}]},{"@type":"ImageObject","inLanguage":"en-US","@id":"https:\/\/fondschristianboltanski.com\/en\/oeuvres\/demain-le-ciel-sera-rouge\/#primaryimage","url":"https:\/\/fondschristianboltanski.com\/new_website\/wp-content\/uploads\/2025\/01\/2011-demain-le-ciel-sera-rouge-nuitblanche-photocreditpaulallain-22.jpg","contentUrl":"https:\/\/fondschristianboltanski.com\/new_website\/wp-content\/uploads\/2025\/01\/2011-demain-le-ciel-sera-rouge-nuitblanche-photocreditpaulallain-22.jpg","width":2500,"height":1673,"caption":"Nuit blanche 08"},{"@type":"BreadcrumbList","@id":"https:\/\/fondschristianboltanski.com\/en\/oeuvres\/demain-le-ciel-sera-rouge\/#breadcrumb","itemListElement":[{"@type":"ListItem","position":1,"name":"Accueil","item":"https:\/\/fondschristianboltanski.com\/en\/"},{"@type":"ListItem","position":2,"name":"Demain le ciel sera rouge"}]},{"@type":"WebSite","@id":"https:\/\/fondschristianboltanski.com\/en\/#website","url":"https:\/\/fondschristianboltanski.com\/en\/","name":"Fonds de dotation Christian Boltanski","description":"[:fr]Le Fonds de Dotation Christian Boltanski, cr\u00e9\u00e9 en 2023 par Annette Messager, a pour objet d\u2019assurer la conservation, la diffusion, et la promotion de l\u2019\u0153uvre de Christian Boltanski. Le Fonds a pour int\u00e9r\u00eat g\u00e9n\u00e9ral un objet culturel, de conservation et de sauvegarde de l&#039;\u0153uvre de l&#039;artiste aupr\u00e8s du public.[:en]Le Fonds de dotation Christian Boltanski (The Christian Boltanski Endowment Fund), created in September 2023, aims to ensure the conservation, diffusion and promotion of the artist\u2019s work among the public and professionals.[:]","potentialAction":[{"@type":"SearchAction","target":{"@type":"EntryPoint","urlTemplate":"https:\/\/fondschristianboltanski.com\/en\/?s={search_term_string}"},"query-input":{"@type":"PropertyValueSpecification","valueRequired":true,"valueName":"search_term_string"}}],"inLanguage":"en-US"}]}},"_links":{"self":[{"href":"https:\/\/fondschristianboltanski.com\/en\/wp-json\/wp\/v2\/oeuvres\/662","targetHints":{"allow":["GET"]}}],"collection":[{"href":"https:\/\/fondschristianboltanski.com\/en\/wp-json\/wp\/v2\/oeuvres"}],"about":[{"href":"https:\/\/fondschristianboltanski.com\/en\/wp-json\/wp\/v2\/types\/oeuvres"}],"wp:featuredmedia":[{"embeddable":true,"href":"https:\/\/fondschristianboltanski.com\/en\/wp-json\/wp\/v2\/media\/406"}],"wp:attachment":[{"href":"https:\/\/fondschristianboltanski.com\/en\/wp-json\/wp\/v2\/media?parent=662"}],"curies":[{"name":"wp","href":"https:\/\/api.w.org\/{rel}","templated":true}]}}

<!-- This site is optimized with the Yoast SEO plugin v27.5 - https://yoast.com/product/yoast-seo-wordpress/ -->
<title>Demain le ciel sera rouge - Fonds de dotation Christian Boltanski</title>
<meta name="robots" content="index, follow, max-snippet:-1, max-image-preview:large, max-video-preview:-1" />
<link rel="canonical" href="https://fondschristianboltanski.com/en/oeuvres/demain-le-ciel-sera-rouge/" />
<meta property="og:locale" content="en_US" />
<meta property="og:type" content="article" />
<meta property="og:title" content="Demain le ciel sera rouge - Fonds de dotation Christian Boltanski" />
<meta property="og:url" content="https://fondschristianboltanski.com/en/oeuvres/demain-le-ciel-sera-rouge/" />
<meta property="og:site_name" content="Fonds de dotation Christian Boltanski" />
<meta property="article:modified_time" content="2025-02-27T13:33:03+00:00" />
<meta property="og:image" content="https://fondschristianboltanski.com/new_website/wp-content/uploads/2025/01/2011-demain-le-ciel-sera-rouge-nuitblanche-photocreditpaulallain-22-1500x1004.jpg" />
	<meta property="og:image:width" content="1500" />
	<meta property="og:image:height" content="1004" />
	<meta property="og:image:type" content="image/jpeg" />
<meta name="twitter:card" content="summary_large_image" />
<meta name="twitter:label1" content="Est. reading time" />
	<meta name="twitter:data1" content="1 minute" />
<script type="application/ld+json" class="yoast-schema-graph">{"@context":"https:\/\/schema.org","@graph":[{"@type":"WebPage","@id":"https:\/\/fondschristianboltanski.com\/en\/oeuvres\/demain-le-ciel-sera-rouge\/","url":"https:\/\/fondschristianboltanski.com\/en\/oeuvres\/demain-le-ciel-sera-rouge\/","name":"Demain le ciel sera rouge - Fonds de dotation Christian Boltanski","isPartOf":{"@id":"https:\/\/fondschristianboltanski.com\/en\/#website"},"primaryImageOfPage":{"@id":"https:\/\/fondschristianboltanski.com\/en\/oeuvres\/demain-le-ciel-sera-rouge\/#primaryimage"},"image":{"@id":"https:\/\/fondschristianboltanski.com\/oeuvres\/demain-le-ciel-sera-rouge\/#primaryimage"},"thumbnailUrl":"https:\/\/fondschristianboltanski.com\/new_website\/wp-content\/uploads\/2025\/01\/2011-demain-le-ciel-sera-rouge-nuitblanche-photocreditpaulallain-22.jpg","datePublished":"2025-02-14T12:04:34+00:00","dateModified":"2025-02-27T13:33:03+00:00","breadcrumb":{"@id":"https:\/\/fondschristianboltanski.com\/en\/oeuvres\/demain-le-ciel-sera-rouge\/#breadcrumb"},"inLanguage":"en-US","potentialAction":[{"@type":"ReadAction","target":[["https:\/\/fondschristianboltanski.com\/en\/oeuvres\/demain-le-ciel-sera-rouge\/"]]}]},{"@type":"ImageObject","inLanguage":"en-US","@id":"https:\/\/fondschristianboltanski.com\/en\/oeuvres\/demain-le-ciel-sera-rouge\/#primaryimage","url":"https:\/\/fondschristianboltanski.com\/new_website\/wp-content\/uploads\/2025\/01\/2011-demain-le-ciel-sera-rouge-nuitblanche-photocreditpaulallain-22.jpg","contentUrl":"https:\/\/fondschristianboltanski.com\/new_website\/wp-content\/uploads\/2025\/01\/2011-demain-le-ciel-sera-rouge-nuitblanche-photocreditpaulallain-22.jpg","width":2500,"height":1673,"caption":"Nuit blanche 08"},{"@type":"BreadcrumbList","@id":"https:\/\/fondschristianboltanski.com\/en\/oeuvres\/demain-le-ciel-sera-rouge\/#breadcrumb","itemListElement":[{"@type":"ListItem","position":1,"name":"Accueil","item":"https:\/\/fondschristianboltanski.com\/en\/"},{"@type":"ListItem","position":2,"name":"Demain le ciel sera rouge"}]},{"@type":"WebSite","@id":"https:\/\/fondschristianboltanski.com\/en\/#website","url":"https:\/\/fondschristianboltanski.com\/en\/","name":"Fonds de dotation Christian Boltanski","description":"[:fr]Le Fonds de Dotation Christian Boltanski, créé en 2023 par Annette Messager, a pour objet d’assurer la conservation, la diffusion, et la promotion de l’œuvre de Christian Boltanski. Le Fonds a pour intérêt général un objet culturel, de conservation et de sauvegarde de l&#039;œuvre de l&#039;artiste auprès du public.[:en]Le Fonds de dotation Christian Boltanski (The Christian Boltanski Endowment Fund), created in September 2023, aims to ensure the conservation, diffusion and promotion of the artist’s work among the public and professionals.[:]","potentialAction":[{"@type":"SearchAction","target":{"@type":"EntryPoint","urlTemplate":"https:\/\/fondschristianboltanski.com\/en\/?s={search_term_string}"},"query-input":{"@type":"PropertyValueSpecification","valueRequired":true,"valueName":"search_term_string"}}],"inLanguage":"en-US"}]}</script>
<!-- / Yoast SEO plugin. -->

[:fr]Le Fonds de Dotation Christian Boltanski, créé en 2023 par Annette Messager, a pour objet d’assurer la conservation, la diffusion, et la promotion de l’œuvre de Christian Boltanski. Le Fonds a pour intérêt général un objet culturel, de conservation et de sauvegarde de l&#039;œuvre de l&#039;artiste auprès du public.[:en]Le Fonds de dotation Christian Boltanski (The Christian Boltanski Endowment Fund), created in September 2023, aims to ensure the conservation, diffusion and promotion of the artist’s work among the public and professionals.[:]
